{"id":18,"date":"2026-04-04T13:33:11","date_gmt":"2026-04-04T11:33:11","guid":{"rendered":"https:\/\/opravimeelektro.cz\/index.php\/o-nas\/"},"modified":"2026-04-04T14:51:42","modified_gmt":"2026-04-04T12:51:42","slug":"o-nas","status":"publish","type":"page","link":"https:\/\/opravimeelektro.cz\/index.php\/o-nas\/","title":{"rendered":"O n\u00e1s"},"content":{"rendered":"<p><div class=\"et_d4_element et_pb_section et_pb_section_0 oe-page-hero  et_pb_css_mix_blend_mode et_section_regular et_block_section\" >\n\t\t\t\t\n\t\t\t\t\n\t\t\t\t\n\t\t\t\t\n\t\t\t\t\n\t\t\t\t\n\t\t\t\t<div class=\"et_d4_element et_pb_row et_pb_row_0  et_pb_css_mix_blend_mode et_block_row\">\n\t\t\t\t<div class=\"et_d4_element et_pb_column_1_2 et_pb_column et_pb_column_0  et_pb_css_mix_blend_mode et_block_column\">\n\t\t\t\t\n\t\t\t\t\n\t\t\t\t\n\t\t\t\t\n\t\t\t\t<div class=\"et_pb_module et_d4_element et_pb_text et_pb_text_0  et_pb_text_align_left et_pb_bg_layout_light\">\n\t\t\t\t\n\t\t\t\t\n\t\t\t\t\n\t\t\t\t\n\t\t\t\t<div class=\"et_pb_text_inner\"><div class=\"oe-hero-card\">\n<div class=\"oe-section-heading\">\n\t\t\t\t<span class=\"oe-eyebrow\">O n\u00e1s<\/span><\/p>\n<h2>TSM OpravimeElektro.cz jako modern\u00ed servisn\u00ed prezentace postaven\u00e1 na d\u016fv\u011b\u0159e a p\u0159ehlednosti<\/h2>\n<p>Tato str\u00e1nka p\u0159edstavuje zna\u010dku jako profesion\u00e1ln\u00ed servis, kter\u00fd se orientuje na za\u0159\u00edzen\u00ed pou\u017e\u00edvan\u00e1 ka\u017ed\u00fd den a komunikuje v\u011bcn\u011b, klidn\u011b a srozumiteln\u011b.<\/p>\n<div class=\"oe-button-row\">\n\t\t\t\t\t<a class=\"oe-btn oe-btn--primary\" href=\"https:\/\/opravimeelektro.cz\/index.php\/kontakt\/\">P\u0159ej\u00edt na kontakt<\/a><br \/>\n\t\t\t\t\t<a class=\"oe-btn oe-btn--ghost\" href=\"https:\/\/opravimeelektro.cz\/index.php\/sluzby\/\">Zobrazit slu\u017eby<\/a>\n\t\t\t\t<\/div>\n<\/p><\/div>\n<\/p><\/div><\/div>\n\t\t\t<\/div>\n\t\t\t<\/div><div class=\"et_d4_element et_pb_column_1_2 et_pb_column et_pb_column_1  et_pb_css_mix_blend_mode et-last-child et_block_column\">\n\t\t\t\t\n\t\t\t\t\n\t\t\t\t\n\t\t\t\t\n\t\t\t\t<div class=\"et_pb_module et_d4_element et_pb_text et_pb_text_1  et_pb_text_align_left et_pb_bg_layout_light\">\n\t\t\t\t\n\t\t\t\t\n\t\t\t\t\n\t\t\t\t\n\t\t\t\t<div class=\"et_pb_text_inner\"><div class=\"oe-side-panel oe-side-panel--accent\">\n<h3>Na co se web soust\u0159ed\u00ed<\/h3>\n<p>Hlavn\u00ed sd\u011blen\u00ed je postaven\u00e9 kolem kategori\u00ed za\u0159\u00edzen\u00ed, kter\u00e1 lid\u00e9 pou\u017e\u00edvaj\u00ed ka\u017ed\u00fd den a u kter\u00fdch je kl\u00ed\u010dov\u00e1 rychl\u00e1 orientace v nab\u00eddce servisu.<\/p>\n<ul class=\"oe-check-list\">\n<li>mobiln\u00ed telefony<\/li>\n<li>tablety<\/li>\n<li>chytr\u00e9 hodinky<\/li>\n<li>notebooky a po\u010d\u00edta\u010de<\/li>\n<li>robotick\u00e9 i dal\u0161\u00ed vysava\u010de<\/li>\n<\/ul><\/div><\/div>\n\t\t\t<\/div>\n\t\t\t<\/div>\n\t\t\t\t\n\t\t\t\t\n\t\t\t\t\n\t\t\t\t\n\t\t\t<\/div>\n\t\t\t\t\n\t\t\t\t\n\t\t\t<\/div><div class=\"et_d4_element et_pb_section et_pb_section_1 oe-surface-section  et_pb_css_mix_blend_mode et_section_regular et_block_section\" >\n\t\t\t\t\n\t\t\t\t\n\t\t\t\t\n\t\t\t\t\n\t\t\t\t\n\t\t\t\t\n\t\t\t\t<div class=\"et_d4_element et_pb_row et_pb_row_1  et_pb_css_mix_blend_mode et_block_row\">\n\t\t\t\t<div class=\"et_d4_element et_pb_column_4_4 et_pb_column et_pb_column_2  et_pb_css_mix_blend_mode et-last-child et_block_column\">\n\t\t\t\t\n\t\t\t\t\n\t\t\t\t\n\t\t\t\t\n\t\t\t\t<div class=\"et_pb_module et_d4_element et_pb_text et_pb_text_2  et_pb_text_align_left et_pb_bg_layout_light\">\n\t\t\t\t\n\t\t\t\t\n\t\t\t\t\n\t\t\t\t\n\t\t\t\t<div class=\"et_pb_text_inner\"><div class=\"oe-section-box\">\n<div class=\"oe-two-column\">\n<div class=\"oe-simple-card\">\n<h3>Jak je zna\u010dka prezentovan\u00e1<\/h3>\n<p>Web p\u016fsob\u00ed jako firemn\u00ed prezentace pro servis elektroniky se siln\u00fdm vizu\u00e1ln\u00edm napojen\u00edm na logo a s d\u016frazem na profesion\u00e1ln\u00ed, \u010dist\u00fd dojem. Struktura je postaven\u00e1 tak, aby n\u00e1v\u0161t\u011bvn\u00edk rychle na\u0161el typ za\u0159\u00edzen\u00ed, kter\u00e9ho se jeho dotaz t\u00fdk\u00e1.<\/p>\n<p>Obsah je z\u00e1m\u011brn\u011b psan\u00fd srozumiteln\u011b a bez p\u0159ehnan\u00fdch slib\u016f. D\u00edky tomu p\u016fsob\u00ed d\u016fv\u011bryhodn\u011bji a snadn\u011bji se s n\u00edm d\u00e1l pracuje p\u0159i n\u00e1sledn\u00fdch \u00faprav\u00e1ch v Divi.<\/p>\n<\/p><\/div>\n<div class=\"oe-side-panel\">\n<h3>Na co se web soust\u0159ed\u00ed<\/h3>\n<p>Hlavn\u00ed sd\u011blen\u00ed je postaven\u00e9 kolem t\u011bchto kategori\u00ed za\u0159\u00edzen\u00ed:<\/p>\n<ul class=\"oe-check-list\">\n<li>mobiln\u00ed telefony<\/li>\n<li>tablety<\/li>\n<li>chytr\u00e9 hodinky<\/li>\n<li>notebooky a po\u010d\u00edta\u010de<\/li>\n<li>robotick\u00e9 i dal\u0161\u00ed vysava\u010de<\/li>\n<\/ul><\/div>\n<\/p><\/div>\n<\/p><\/div><\/div>\n\t\t\t<\/div>\n\t\t\t<\/div>\n\t\t\t\t\n\t\t\t\t\n\t\t\t\t\n\t\t\t\t\n\t\t\t<\/div>\n\t\t\t\t\n\t\t\t\t\n\t\t\t<\/div><div class=\"et_d4_element et_pb_section et_pb_section_2  et_pb_css_mix_blend_mode et_section_regular et_block_section\" >\n\t\t\t\t\n\t\t\t\t\n\t\t\t\t\n\t\t\t\t\n\t\t\t\t\n\t\t\t\t\n\t\t\t\t<div class=\"et_d4_element et_pb_row et_pb_row_2  et_pb_css_mix_blend_mode et_block_row\">\n\t\t\t\t<div class=\"et_d4_element et_pb_column_4_4 et_pb_column et_pb_column_3  et_pb_css_mix_blend_mode et-last-child et_block_column\">\n\t\t\t\t\n\t\t\t\t\n\t\t\t\t\n\t\t\t\t\n\t\t\t\t<div class=\"et_pb_module et_d4_element et_pb_text et_pb_text_3  et_pb_text_align_left et_pb_bg_layout_light\">\n\t\t\t\t\n\t\t\t\t\n\t\t\t\t\n\t\t\t\t\n\t\t\t\t<div class=\"et_pb_text_inner\"><div class=\"oe-section-box\">\n<div class=\"oe-section-heading\"><span class=\"oe-eyebrow\">Hodnoty webu<\/span><\/p>\n<h2>Prezentace postaven\u00e1 na tom, co z\u00e1kazn\u00edk opravdu pot\u0159ebuje v\u011bd\u011bt<\/h2>\n<p>Str\u00e1nka je p\u0159ipraven\u00e1 tak, aby p\u016fsobila d\u016fv\u011bryhodn\u011b i p\u0159i dal\u0161\u00edm roz\u0161i\u0159ov\u00e1n\u00ed o nov\u00e9 slu\u017eby, reference nebo konkr\u00e9tn\u00ed kontaktn\u00ed \u00fadaje.<\/p>\n<\/div>\n<div class=\"oe-benefit-grid\">\n<article class=\"oe-simple-card\">\n<h3>Siln\u00e1 orientace na slu\u017eby<\/h3>\n<p>Ka\u017ed\u00e1 hlavn\u00ed oblast m\u00e1 vlastn\u00ed podstr\u00e1nku a n\u00e1v\u0161t\u011bvn\u00edk se rychle dostane k relevantn\u00edmu obsahu.<\/p>\n<\/article>\n<article class=\"oe-simple-card\">\n<h3>Editace p\u0159\u00edmo v Divi<\/h3>\n<p>Obsah jednotliv\u00fdch sekc\u00ed i podstr\u00e1nek je postaven\u00fd tak, aby \u0161el d\u00e1l upravovat p\u0159es Divi Builder.<\/p>\n<\/article>\n<article class=\"oe-simple-card\">\n<h3>Jednotn\u00fd vizu\u00e1ln\u00ed jazyk<\/h3>\n<p>Barevnost webu vych\u00e1z\u00ed z existuj\u00edc\u00edho loga a propojuje tmav\u00fd navy z\u00e1klad s tyrkysov\u00fdmi, limetkov\u00fdmi a oran\u017eov\u00fdmi akcenty.<\/p>\n<\/article>\n<article class=\"oe-simple-card\">\n<h3>Profesn\u00ed t\u00f3n komunikace<\/h3>\n<p>Texty jsou formulovan\u00e9 tak, aby zn\u011bly profesion\u00e1ln\u011b, lidsky a bez zbyte\u010dn\u00e9ho technick\u00e9ho balastu.<\/p>\n<\/article>\n<\/div>\n<\/div><\/div>\n\t\t\t<\/div>\n\t\t\t<\/div>\n\t\t\t\t\n\t\t\t\t\n\t\t\t\t\n\t\t\t\t\n\t\t\t<\/div>\n\t\t\t\t\n\t\t\t\t\n\t\t\t<\/div><div class=\"et_d4_element et_pb_section et_pb_section_3  et_pb_css_mix_blend_mode et_section_regular et_block_section\" >\n\t\t\t\t\n\t\t\t\t\n\t\t\t\t\n\t\t\t\t\n\t\t\t\t\n\t\t\t\t\n\t\t\t\t<div class=\"et_d4_element et_pb_row et_pb_row_3  et_pb_css_mix_blend_mode et_block_row\">\n\t\t\t\t<div class=\"et_d4_element et_pb_column_4_4 et_pb_column et_pb_column_4  et_pb_css_mix_blend_mode et-last-child et_block_column\">\n\t\t\t\t\n\t\t\t\t\n\t\t\t\t\n\t\t\t\t\n\t\t\t\t<div class=\"et_pb_module et_d4_element et_pb_text et_pb_text_4  et_pb_text_align_left et_pb_bg_layout_light\">\n\t\t\t\t\n\t\t\t\t\n\t\t\t\t\n\t\t\t\t\n\t\t\t\t<div class=\"et_pb_text_inner\"><div class=\"oe-cta-panel\">\n<div class=\"oe-cta-copy\">\n<h2>Chcete web rovnou vyu\u017e\u00edt pro z\u00edsk\u00e1v\u00e1n\u00ed popt\u00e1vek?<\/h2>\n<p>Kontaktn\u00ed str\u00e1nka je p\u0159ipraven\u00e1 s formul\u00e1\u0159em a v\u0161echny hlavn\u00ed slu\u017eby maj\u00ed samostatn\u00e9 landing podstr\u00e1nky.<\/p>\n<\/p><\/div>\n<div class=\"oe-button-row\"><a class=\"oe-btn oe-btn--primary\" href=\"https:\/\/opravimeelektro.cz\/index.php\/kontakt\/\">P\u0159ej\u00edt na kontakt<\/a><\/div>\n<\/p><\/div><\/div>\n\t\t\t<\/div>\n\t\t\t<\/div>\n\t\t\t\t\n\t\t\t\t\n\t\t\t\t\n\t\t\t\t\n\t\t\t<\/div>\n\t\t\t\t\n\t\t\t\t\n\t\t\t<\/div><\/p>\n","protected":false},"excerpt":{"rendered":"","protected":false},"author":0,"featured_media":0,"parent":0,"menu_order":4,"comment_status":"closed","ping_status":"closed","template":"","meta":{"_et_pb_use_builder":"on","_et_pb_old_content":"","_et_gb_content_width":"","footnotes":""},"class_list":["post-18","page","type-page","status-publish","hentry"],"_links":{"self":[{"href":"https:\/\/opravimeelektro.cz\/index.php\/wp-json\/wp\/v2\/pages\/18","targetHints":{"allow":["GET"]}}],"collection":[{"href":"https:\/\/opravimeelektro.cz\/index.php\/wp-json\/wp\/v2\/pages"}],"about":[{"href":"https:\/\/opravimeelektro.cz\/index.php\/wp-json\/wp\/v2\/types\/page"}],"replies":[{"embeddable":true,"href":"https:\/\/opravimeelektro.cz\/index.php\/wp-json\/wp\/v2\/comments?post=18"}],"version-history":[{"count":4,"href":"https:\/\/opravimeelektro.cz\/index.php\/wp-json\/wp\/v2\/pages\/18\/revisions"}],"predecessor-version":[{"id":74,"href":"https:\/\/opravimeelektro.cz\/index.php\/wp-json\/wp\/v2\/pages\/18\/revisions\/74"}],"wp:attachment":[{"href":"https:\/\/opravimeelektro.cz\/index.php\/wp-json\/wp\/v2\/media?parent=18"}],"curies":[{"name":"wp","href":"https:\/\/api.w.org\/{rel}","templated":true}]}}