{"id":19,"date":"2026-04-04T13:33:11","date_gmt":"2026-04-04T11:33:11","guid":{"rendered":"https:\/\/opravimeelektro.cz\/index.php\/kontakt\/"},"modified":"2026-04-04T14:51:42","modified_gmt":"2026-04-04T12:51:42","slug":"kontakt","status":"publish","type":"page","link":"https:\/\/opravimeelektro.cz\/index.php\/kontakt\/","title":{"rendered":"Kontakt"},"content":{"rendered":"<p><div class=\"et_d4_element et_pb_section et_pb_section_0 oe-page-hero  et_pb_css_mix_blend_mode et_section_regular et_block_section\" >\n\t\t\t\t\n\t\t\t\t\n\t\t\t\t\n\t\t\t\t\n\t\t\t\t\n\t\t\t\t\n\t\t\t\t<div class=\"et_d4_element et_pb_row et_pb_row_0  et_pb_css_mix_blend_mode et_block_row\">\n\t\t\t\t<div class=\"et_d4_element et_pb_column_1_2 et_pb_column et_pb_column_0  et_pb_css_mix_blend_mode et_block_column\">\n\t\t\t\t\n\t\t\t\t\n\t\t\t\t\n\t\t\t\t\n\t\t\t\t<div class=\"et_pb_module et_d4_element et_pb_text et_pb_text_0  et_pb_text_align_left et_pb_bg_layout_light\">\n\t\t\t\t\n\t\t\t\t\n\t\t\t\t\n\t\t\t\t\n\t\t\t\t<div class=\"et_pb_text_inner\"><div class=\"oe-hero-card oe-form-copy\">\n\t\t\t<span class=\"oe-eyebrow\">Kontakt<\/span><\/p>\n<h2>Po\u0161lete stru\u010dn\u00fd popis z\u00e1vady a nav\u00e1\u017eeme dal\u0161\u00edm krokem<\/h2>\n<p>Formul\u00e1\u0159 je p\u0159ipraven\u00fd pro popt\u00e1vky ke v\u0161em hlavn\u00edm kategori\u00edm za\u0159\u00edzen\u00ed. Sta\u010d\u00ed uv\u00e9st co nejp\u0159esn\u011bj\u0161\u00ed popis probl\u00e9mu a typ za\u0159\u00edzen\u00ed, kter\u00e9ho se dotaz t\u00fdk\u00e1.<\/p>\n<div class=\"oe-side-panel\">\n<h3>Co se hod\u00ed uv\u00e9st do zpr\u00e1vy<\/h3>\n<ul class=\"oe-check-list\">\n<li>zna\u010dku a model za\u0159\u00edzen\u00ed<\/li>\n<li>stru\u010dn\u00fd popis z\u00e1vady nebo chov\u00e1n\u00ed za\u0159\u00edzen\u00ed<\/li>\n<li>jestli jde o p\u00e1d, kontakt s kapalinou nebo postupn\u00e9 zhor\u0161en\u00ed<\/li>\n<li>preferovan\u00fd zp\u016fsob zp\u011btn\u00e9ho kontaktu<\/li>\n<\/ul><\/div>\n<div class=\"oe-side-panel oe-side-panel--accent\">\n<h3>Na co je str\u00e1nka p\u0159ipraven\u00e1<\/h3>\n<p>Na samostatn\u00e9 dotazy k mobil\u016fm, tablet\u016fm, hodink\u00e1m, notebook\u016fm, po\u010d\u00edta\u010d\u016fm i vysava\u010d\u016fm. Z\u00e1rove\u0148 funguje i pro kombinovan\u00e9 nebo individu\u00e1ln\u00ed servisn\u00ed p\u0159\u00edpady.<\/p>\n<\/p><\/div>\n<\/p><\/div><\/div>\n\t\t\t<\/div>\n\t\t\t<\/div><div class=\"et_d4_element et_pb_column_1_2 et_pb_column et_pb_column_1  et_pb_css_mix_blend_mode et-last-child et_block_column\">\n\t\t\t\t\n\t\t\t\t\n\t\t\t\t\n\t\t\t\t\n\t\t\t\t\n\t\t\t<div id=\"et_pb_contact_form_0\" class=\"et_pb_module et_d4_element et_pb_contact_form_0 oe-form-panel et_pb_contact_form_container clearfix et_block_module\" data-form_unique_num=\"0\" data-form_unique_id=\"\">\n\t\t\t\t\n\t\t\t\t\n\t\t\t\t\n\t\t\t\t\n\t\t\t\t<h1 class=\"et_pb_contact_main_title\">Napi\u0161te n\u00e1m<\/h1>\n\t\t\t\t<div class=\"et-pb-contact-message\"><\/div>\n\t\t\t\t\n\t\t\t\t<div class=\"et_pb_contact\">\n\t\t\t\t\t<form class=\"et_pb_contact_form clearfix\" method=\"post\" action=\"https:\/\/opravimeelektro.cz\/index.php\/wp-json\/wp\/v2\/pages\/19\">\n\t\t\t\t\t\t<p class=\"et_d4_element et_pb_contact_field et_pb_contact_field_0 et_pb_contact_field_half\" data-id=\"jmeno\" data-type=\"input\">\n\t\t\t\t\n\t\t\t\t\n\t\t\t\t\n\t\t\t\t\n\t\t\t\t<label for=\"et_pb_contact_jmeno_0\" class=\"et_pb_contact_form_label\">Jm\u00e9no<\/label>\n\t\t\t\t<input type=\"text\" id=\"et_pb_contact_jmeno_0\" class=\"input\" value=\"\" name=\"et_pb_contact_jmeno_0\" data-required_mark=\"required\" data-field_type=\"input\" data-original_id=\"jmeno\" placeholder=\"Jm\u00e9no\">\n\t\t\t<\/p><p class=\"et_d4_element et_pb_contact_field et_pb_contact_field_1 et_pb_contact_field_half et_pb_contact_field_last\" data-id=\"email\" data-type=\"email\">\n\t\t\t\t\n\t\t\t\t\n\t\t\t\t\n\t\t\t\t\n\t\t\t\t<label for=\"et_pb_contact_email_0\" class=\"et_pb_contact_form_label\">E-mail<\/label>\n\t\t\t\t<input type=\"text\" id=\"et_pb_contact_email_0\" class=\"input\" value=\"\" name=\"et_pb_contact_email_0\" data-required_mark=\"required\" data-field_type=\"email\" data-original_id=\"email\" placeholder=\"E-mail\">\n\t\t\t<\/p><p class=\"et_d4_element et_pb_contact_field et_pb_contact_field_2 et_pb_contact_field_half\" data-id=\"telefon\" data-type=\"input\">\n\t\t\t\t\n\t\t\t\t\n\t\t\t\t\n\t\t\t\t\n\t\t\t\t<label for=\"et_pb_contact_telefon_0\" class=\"et_pb_contact_form_label\">Telefon<\/label>\n\t\t\t\t<input type=\"text\" id=\"et_pb_contact_telefon_0\" class=\"input\" value=\"\" name=\"et_pb_contact_telefon_0\" data-required_mark=\"not_required\" data-field_type=\"input\" data-original_id=\"telefon\" placeholder=\"Telefon\">\n\t\t\t<\/p><p class=\"et_d4_element et_pb_contact_field et_pb_contact_field_3 et_pb_contact_field_half et_pb_contact_field_last\" data-id=\"typ_zarizeni\" data-type=\"input\">\n\t\t\t\t\n\t\t\t\t\n\t\t\t\t\n\t\t\t\t\n\t\t\t\t<label for=\"et_pb_contact_typ_zarizeni_0\" class=\"et_pb_contact_form_label\">Typ za\u0159\u00edzen\u00ed<\/label>\n\t\t\t\t<input type=\"text\" id=\"et_pb_contact_typ_zarizeni_0\" class=\"input\" value=\"\" name=\"et_pb_contact_typ_zarizeni_0\" data-required_mark=\"not_required\" data-field_type=\"input\" data-original_id=\"typ_zarizeni\" placeholder=\"Typ za\u0159\u00edzen\u00ed\">\n\t\t\t<\/p><p class=\"et_d4_element et_pb_contact_field et_pb_contact_field_4 et_pb_contact_field_last\" data-id=\"zavada\" data-type=\"text\">\n\t\t\t\t\n\t\t\t\t\n\t\t\t\t\n\t\t\t\t\n\t\t\t\t<label for=\"et_pb_contact_zavada_0\" class=\"et_pb_contact_form_label\">Popis z\u00e1vady<\/label>\n\t\t\t\t<textarea name=\"et_pb_contact_zavada_0\" id=\"et_pb_contact_zavada_0\" class=\"et_pb_contact_message input\" data-required_mark=\"required\" data-field_type=\"text\" data-original_id=\"zavada\" placeholder=\"Popis z\u00e1vady\"><\/textarea>\n\t\t\t<\/p>\n\t\t\t\t\t\t<input type=\"hidden\" value=\"et_contact_proccess\" name=\"et_pb_contactform_submit_0\"\/>\n\t\t\t\t\t\t<div class=\"et_contact_bottom_container\">\n\t\t\t\t\t\t\t\n\t\t\t\t\t\t\t<button type=\"submit\" name=\"et_builder_submit_button\" class=\"et_pb_contact_submit et_pb_button\">Odeslat zpr\u00e1vu<\/button>\n\t\t\t\t\t\t<\/div>\n\t\t\t\t\t\t<input type=\"hidden\" id=\"_wpnonce-et-pb-contact-form-submitted-0\" name=\"_wpnonce-et-pb-contact-form-submitted-0\" value=\"89820ca71a\" \/><input type=\"hidden\" name=\"_wp_http_referer\" value=\"\/index.php\/wp-json\/wp\/v2\/pages\/19\" \/>\n\t\t\t\t\t<\/form>\n\t\t\t\t<\/div>\n\t\t\t<\/div>\n\t\t\t\n\t\t\t<\/div>\n\t\t\t\t\n\t\t\t\t\n\t\t\t\t\n\t\t\t\t\n\t\t\t<\/div>\n\t\t\t\t\n\t\t\t\t\n\t\t\t<\/div><div class=\"et_d4_element et_pb_section et_pb_section_1 oe-surface-section  et_pb_css_mix_blend_mode et_section_regular et_block_section\" >\n\t\t\t\t\n\t\t\t\t\n\t\t\t\t\n\t\t\t\t\n\t\t\t\t\n\t\t\t\t\n\t\t\t\t<div class=\"et_d4_element et_pb_row et_pb_row_1  et_pb_css_mix_blend_mode et_block_row\">\n\t\t\t\t<div class=\"et_d4_element et_pb_column_4_4 et_pb_column et_pb_column_2  et_pb_css_mix_blend_mode et-last-child et_block_column\">\n\t\t\t\t\n\t\t\t\t\n\t\t\t\t\n\t\t\t\t\n\t\t\t\t<div class=\"et_pb_module et_d4_element et_pb_text et_pb_text_1  et_pb_text_align_left et_pb_bg_layout_light\">\n\t\t\t\t\n\t\t\t\t\n\t\t\t\t\n\t\t\t\t\n\t\t\t\t<div class=\"et_pb_text_inner\"><div class=\"oe-section-box\">\n<div class=\"oe-section-heading\">\n\t\t\t\t<span class=\"oe-eyebrow\">Co lze popsat<\/span><\/p>\n<h2>Formul\u00e1\u0159 pokr\u00fdv\u00e1 hlavn\u00ed kategorie za\u0159\u00edzen\u00ed i zvl\u00e1\u0161tn\u00ed p\u0159\u00edpady<\/h2>\n<p>Sta\u010d\u00ed uv\u00e9st co nejp\u0159esn\u011bj\u0161\u00ed popis probl\u00e9mu a typ za\u0159\u00edzen\u00ed, kter\u00e9ho se dotaz t\u00fdk\u00e1.<\/p>\n<\/p><\/div>\n<div class=\"oe-signal-grid\">\n<article class=\"oe-signal-card\">\n<p>samostatn\u00e9 dotazy k mobil\u016fm<\/p>\n<\/article>\n<article class=\"oe-signal-card\">\n<p>samostatn\u00e9 dotazy k tablet\u016fm<\/p>\n<\/article>\n<article class=\"oe-signal-card\">\n<p>samostatn\u00e9 dotazy k hodink\u00e1m<\/p>\n<\/article>\n<article class=\"oe-signal-card\">\n<p>samostatn\u00e9 dotazy k notebook\u016fm<\/p>\n<\/article>\n<article class=\"oe-signal-card\">\n<p>samostatn\u00e9 dotazy k po\u010d\u00edta\u010d\u016fm i vysava\u010d\u016fm<\/p>\n<\/article>\n<article class=\"oe-signal-card\">\n<p>kombinovan\u00e9 nebo individu\u00e1ln\u00ed servisn\u00ed p\u0159\u00edpady<\/p>\n<\/article>\n<\/div><\/div><\/div>\n\t\t\t<\/div>\n\t\t\t<\/div>\n\t\t\t\t\n\t\t\t\t\n\t\t\t\t\n\t\t\t\t\n\t\t\t<\/div>\n\t\t\t\t\n\t\t\t\t\n\t\t\t<\/div><div class=\"et_d4_element et_pb_section et_pb_section_2 oe-surface-section  et_pb_css_mix_blend_mode et_section_regular et_block_section\" >\n\t\t\t\t\n\t\t\t\t\n\t\t\t\t\n\t\t\t\t\n\t\t\t\t\n\t\t\t\t\n\t\t\t\t<div class=\"et_d4_element et_pb_row et_pb_row_2  et_pb_css_mix_blend_mode et_block_row\">\n\t\t\t\t<div class=\"et_d4_element et_pb_column_4_4 et_pb_column et_pb_column_3  et_pb_css_mix_blend_mode et-last-child et_block_column\">\n\t\t\t\t\n\t\t\t\t\n\t\t\t\t\n\t\t\t\t\n\t\t\t\t<div class=\"et_pb_module et_d4_element et_pb_text et_pb_text_2  et_pb_text_align_left et_pb_bg_layout_light\">\n\t\t\t\t\n\t\t\t\t\n\t\t\t\t\n\t\t\t\t\n\t\t\t\t<div class=\"et_pb_text_inner\"><div class=\"oe-cta-panel\">\n<div class=\"oe-cta-copy\">\n<h2>Rad\u011bji si nejd\u0159\u00edv projdete slu\u017eby?<\/h2>\n<p>Pod\u00edvejte se na jednotliv\u00e9 podstr\u00e1nky a vyberte kategorii za\u0159\u00edzen\u00ed, kter\u00e9 chcete \u0159e\u0161it.<\/p>\n<\/p><\/div>\n<div class=\"oe-button-row\"><a class=\"oe-btn oe-btn--primary\" href=\"https:\/\/opravimeelektro.cz\/index.php\/sluzby\/\">Zobrazit slu\u017eby<\/a><a class=\"oe-btn oe-btn--ghost\" href=\"https:\/\/opravimeelektro.cz\/index.php\/jak-probiha-oprava\/\">Jak prob\u00edh\u00e1 oprava<\/a><\/div>\n<\/p><\/div><\/div>\n\t\t\t<\/div>\n\t\t\t<\/div>\n\t\t\t\t\n\t\t\t\t\n\t\t\t\t\n\t\t\t\t\n\t\t\t<\/div>\n\t\t\t\t\n\t\t\t\t\n\t\t\t<\/div><\/p>\n","protected":false},"excerpt":{"rendered":"","protected":false},"author":0,"featured_media":0,"parent":0,"menu_order":5,"comment_status":"closed","ping_status":"closed","template":"","meta":{"_et_pb_use_builder":"on","_et_pb_old_content":"","_et_gb_content_width":"","footnotes":""},"class_list":["post-19","page","type-page","status-publish","hentry"],"_links":{"self":[{"href":"https:\/\/opravimeelektro.cz\/index.php\/wp-json\/wp\/v2\/pages\/19","targetHints":{"allow":["GET"]}}],"collection":[{"href":"https:\/\/opravimeelektro.cz\/index.php\/wp-json\/wp\/v2\/pages"}],"about":[{"href":"https:\/\/opravimeelektro.cz\/index.php\/wp-json\/wp\/v2\/types\/page"}],"replies":[{"embeddable":true,"href":"https:\/\/opravimeelektro.cz\/index.php\/wp-json\/wp\/v2\/comments?post=19"}],"version-history":[{"count":4,"href":"https:\/\/opravimeelektro.cz\/index.php\/wp-json\/wp\/v2\/pages\/19\/revisions"}],"predecessor-version":[{"id":75,"href":"https:\/\/opravimeelektro.cz\/index.php\/wp-json\/wp\/v2\/pages\/19\/revisions\/75"}],"wp:attachment":[{"href":"https:\/\/opravimeelektro.cz\/index.php\/wp-json\/wp\/v2\/media?parent=19"}],"curies":[{"name":"wp","href":"https:\/\/api.w.org\/{rel}","templated":true}]}}